h + 45. What is the tens digit of j?
1
Let c be (-56)/(-4)*(-3)/(-6). Let r be 0*(-1)/(-2) + -3. Let a = c + r. What is the units digit of a?
4
Let u = 0 - -4. Suppose -h = 2*z - 7*z - 29, -u*h = 4*z - 20. Let f = -3 + h. What is the units digit of f?
6
Suppose -n + 3*n - 5*c + 33 = 0, 4*n + 57 = c. Let m = n + 35. What is the tens digit of m?
2
Suppose 4*z - 6 = -2. Suppose z = q - 3. Suppose -q*h + 43 + 33 = 0. What is the tens digit of h?
1
Let k(s) = s**3 + 4*s**2 - s + 6. Let z(d) = -6*d**3 - 20*d**2 + 5*d - 31. Let b(r) = 11*k(r) + 2*z(r). What is the tens digit of b(3)?
1
Suppose 3*s + 96 = -s. Let b be 6/s + 9/4. Suppose 0*r + b = -2*n - 3*r, 5*n = r + 12. What is the units digit of n?
2
Suppose -5*h + 19 = 4. Suppose -4*t + 63 = -h*t. What is the units digit of t/3 + (2 - 5)?
8
Suppose -h + 0*h = 1, h = -3*g + 98. What is the tens digit of g?
3
Let x = 186 + -126. What is the tens digit of x?
6
What is the tens digit of 2 + 2 - 2 - (18 + -52)?
3
Let m(d) = -d**2 + 9*d + 10. Let t be m(10). What is the tens digit of 1/((-3)/(-90) + t)?
3
Suppose -n - 5*r + 59 - 5 = 0, 16 = 4*r. What is the units digit of n?
4
Let b = -377 + 541. What is the units digit of b?
4
Let j = 6 - 3. Suppose -5*c = -4*v - 4, 2*v = j*v - 4. Suppose -x - b = -18, 0 = -c*x - 0*x - 3*b + 72. What is the units digit of x?
8
Let c = 4 - 0. Suppose c*k - 5*u = 30, -4*k + 0*k = 3*u - 14. What is the units digit of k?
5
Suppose 2*w - 60 = -5*q, 0 = -3*q + 4*w - 2*w + 20. Let r = q - 5. What is the units digit of r?
5
Let k(p) = -p + 18. What is the units digit of k(6)?
2
Let h(p) = -1. Let d(l) be the third derivative of l**5/60 - 7*l**4/24 + 2*l**3 + 4*l**2. Let i(g) = d(g) + 5*h(g). What is the units digit of i(6)?
1
Suppose -35 = 3*b + 2*b. Let i = b + 11. Suppose -i*f + 7 = -3*f. What is the units digit of f?
7
Let f(p) = p**2 + p - 4. Let x be f(-3). What is the tens digit of (4 - -13)/(x/2)?
1
Let m = 21 + -14. Let d(g) = -g + 9. Let w be d(7). Suppose w*p - o = 5, -5*o + 4*o = 2*p - m. What is the units digit of p?
3
Let f be (0 - 0)/(5 - 4). Suppose f = -0*s + 3*s + 3*n - 18, 5*s + 3*n = 22. Let r(q) = q**2 + 2. What is the units digit of r(s)?
6
Suppose l = 18 + 2. What is the units digit of l?
0
Suppose -i + 68 = -168. What is the units digit of i?
6
Suppose 3*u - 131 = -5*t, 0 = 5*t - 9 - 11. What is the units digit of u?
7
Let r(f) = -5*f - 27. What is the units digit of r(-12)?
3
Suppose -2*t = t - 24. Suppose 3*v + v = t. What is the units digit of v?
2
Let u be -1 + 2 + 2 - 5. What is the units digit of 32/4 - (-8)/u?
4
Let q = -179 - -330. What is the tens digit of q?
5
Let c(s) = -s**3 + 6*s**2 - 4*s - 3. Let y be c(5). Let f = y - -4. What is the units digit of f?
6
Suppose 5*v - 183 + 18 = 0. What is the tens digit of v?
3
Let q(c) = 3*c**3 + 2*c**2 + 3*c - 3. Let y be q(2). Suppose -2*m - 3*m + y = 0. What is the units digit of m?
7
Let t(r) = -r - 4. Let w be t(-6). Suppose w*v - 13 + 5 = 0. Suppose 5*j + 26 = 2*o + o, -v*o - 8 = 4*j. What is the units digit of o?
2
Let w = -4 + 7. Suppose -26 = h - w*h. What is the units digit of h?
3
What is the tens digit of (26/(-3))/(4/(-6))?
1
Suppose -3*q + q = -4. Let n(z) = 4 - q + 0*z - 3*z. What is the units digit of n(-5)?
7
Suppose -4*c + 96 = -3*c. Suppose c = -4*m + 8*m. What is the tens digit of m?
2
Let i(k) = k**3 + 7*k**2 + 5*k - 4. Let a be i(-6). Suppose -3*o - 4*f - 15 - 37 = 0, 3*o + a*f = -44. Let y = -7 - o. What is the units digit of y?
5
Suppose 2*z = -4*f - 2, 3*z + 0 = -3*f + 3. Suppose 0 = z*b - 2*b - 4*k - 20, -4*b + 2*k = -10. What is the units digit of 2 - (b + 0/(-2))?
2
Let c = 25 + -13. Suppose u - 2*v - c = 0, -4*u + 0*u = -2*v - 42. What is the units digit of u?
0
Let t = -10 - -22. What is the tens digit of t?
1
Let s = -150 - -229. What is the units digit of s?
9
Let l(b) = -b**2 + 10*b - 11. Let v be l(8). Suppose -v = -3*y - 50. What is the units digit of y*7/(70/(-4))?
6
Let i be (1 - 12)*12/(-3). Let r = i - 6. Suppose -k - v - r = -5*k, -4*v - 32 = -4*k. What is the tens digit of k?
1
Suppose 28 = y - 5*q, -q = 2*y + 2*q + 9. Let m be (-2)/(y*(-6)/9). Suppose -5*k = 5*u - 5, -u = -3*k - 0 - m. What is the units digit of u?
1
Suppose -j - 417 = -4*h, 4*h - 4*j - 271 = 149. What is the hundreds digit of h?
1
Let v(a) = a**2 - 4*a - 3. Let j be v(5). What is the units digit of j + (0 + 2 - 1)?
3
Let q = -9 - -13. Suppose -s - 22 = 5*b - 135, -b + 31 = -q*s. What is the tens digit of b?
2
Let q be (20/15)/((-2)/(-3)). Suppose q*v + 44 = 4*h + v, 0 = -h + 3*v. What is the tens digit of h?
1
Let p be 23 - (-5 + (3 - 0)). Suppose 2*d = -3*d + p, 18 = t + 3*d. What is the units digit of t?
3
Let v(l) = 2*l**3 + 4*l**2 + 3*l + 1. Let n be v(-2). Let a = 7 + n. What is the units digit of a?
2
Let w = 45 - 18. What is the units digit of w?
7
Let x = -66 + 102. What is the tens digit of x?
3
Let i = -4 + 1. What is the units digit of ((-1)/3)/(i/99)?
1
Let n(q) = 53*q**2 + 10*q + 3. What is the tens digit of n(-2)?
9
Let q = 110 + -34. What is the tens digit of q?
7
Let v(o) = o**3 - 3*o**2 - o - 1. Suppose 0 = 4*j - 5*m - 26, 0 = -j + 2*j + 4*m + 4. What is the units digit of v(j)?
1
Let k(a) = 2*a**2 - 8*a - 6. What is the hundreds digit of k(-6)?
1
What is the tens digit of (14 + -16)/(4/(-118))?
5
Let k = 14 - 9. Suppose -21 = -2*n + n + 3*f, 20 = -k*f. What is the units digit of n?
9
Let v be 10/4*(0 - 2). Let s be (-165)/(-22)*(-44)/v. Suppose 2*b = 5*b - s. What is the units digit of b?
2
Let z be (12/(-8))/((-6)/(-64)). What is the units digit of (-6)/(-27) - z/9?
2
Let l be (54 - -1) + -7 + 7. Suppose 6*v - l = v. What is the tens digit of v?
1
Let y(s) = -s**3 + 6*s**2 + 3*s + 5. Let k be y(5). Let f = k - 27. What is the units digit of f?
8
Suppose 11*k + 714 = 14*k. What is the tens digit of k?
3
Suppose 4*f - 27 + 7 = 0, 163 = 3*x - f. What is the tens digit of x?
5
Suppose -y - 32 = -5*u, 12 - 2 = -5*y. What is the units digit of u?
6
Suppose -24 = 5*f + b - 100, 68 = 5*f + 3*b. Suppose z = c + 6, -3*c + 4*c = -z - f. Let g = -7 - c. What is the units digit of g?
4
Let s(f) = -f**3 - 2*f**2 - f + 1. Let y(n) = -2*n**2 + n - 1. Let j be y(1). Let h be s(j). What is the units digit of 5*1*3/h?
5
Let o be (1 - 6/(-9))*3. Suppose -o*g = -g - 12. Suppose -30 = -3*t + g. What is the tens digit of t?
1
Let s(m) = 2*m**3 + m**2 - 3*m + 1. Let z(g) = g**3 - 3*g**2 + g - 1. Let f be z(3). What is the units digit of s(f)?
5
Let i(j) = 3*j**2 - 2*j - 27. What is the tens digit of i(11)?
1
Let y(m) = -m**3 + 1. Let v be y(1). Suppose v = -t - 1 + 12. What is the tens digit of t?
1
Let l(p) = -2*p + 17. Suppose -5*g + 54 = 19. What is the units digit of l(g)?
3
Let d(u) = u**3 + 4*u**2 + 3*u + 3. Let h be d(-3). Suppose -5*j + 5*f - 210 = 0, 168 = -j - h*j + f. What is the units digit of j/(-5) - (-4)/(-10)?
8
Let j(b) = -b + 2 + 13 - 5. Let f(a) = a**2 - 6*a + 5. Let x be f(5). What is the units digit of j(x)?
0
Suppose 0*t - 20 = t. What is the units digit of ((-64)/t)/((-6)/(-15))?
8
What is the tens digit of 3 - 322/(2 - 4)?
6
Suppose 5*r - 360 = 4*n, -7*r + 2*r + 3*n = -355. What is the units digit of r?
8
Let d be (4/6)/((-5)/30). Let u = 0 - d. Suppose -12 = -u*a - 2*z, 5*a + 2*z - 15 = 3*z. What is the units digit of a?
3
Let j(s) = -s**3 + 13*s**2 + 2*s + 13. What is the tens digit of j(13)?
3
Suppose 4*d = -16, 3*n = 5*n - 3*d - 86. Let u = n - 21. What is the tens digit of u?
1
Let j(a) = a**3 - 7*a**2 + a + 9. Let n be j(7). Suppose n = 2*s + 2*s. What is the units digit of s?
4
Let d = -1 + -1. Let i be d/11 - (-624)/44. What is the units digit of 12/(i/4 + -2)?
8
Let c be (4/(-3))/(-4)*33. Let f = c + -1. What is the units digit of f?
0
Let j(a) = -33*a**2 + 4*a + 2*a + 34*a**2 + 7. Suppose 4*o = 0, -4*o + 1 + 9 = -2*g. What is the units digit of j(g)?
2
Let w be (-15)/(-10)*24/9. Suppose 55 + 25 = w*x. What is the units digit of x?
0
What is the tens digit of 4/((2/(-74))/(-1))?
4
Let y = 14 + -59. Let z = y + 24. Let p = 29 + z. What is the units digit of p?
8
Suppose 0 = 4*x - 81 - 47. What is the units digit of x?
2
Suppose -i - 3*i + 16 = 0. What is the units digit of i?
4
Suppose -12 = r + 3*z, -3*r + 32 = -5*r - 2*z. What is the units digit of (-248)/r - 4/(